 5, 37, 83, 91453
What are the prime factors of 1553464718?
2, 13, 181, 330103
List the prime factors of 232558353.
3, 59, 191, 2293
What are the prime factors of 580903990?
2, 5, 41, 241, 5879
What are the prime factors of 988072672?
2, 31, 431, 2311
List the prime factors of 261293193.
3, 7, 4147511
What are the prime factors of 930346692?
2, 3, 11, 17, 59, 7027
List the prime factors of 349186285.
5, 7, 137, 72823
What are the prime factors of 1548479511?
3, 19117031
List the prime factors of 47701404.
2, 3, 29, 45691
What are the prime factors of 142491123?
3, 29, 181981
List the prime factors of 49426702.
2, 13, 1901027
What are the prime factors of 59900503?
13, 17, 271043
What are the prime factors of 1755051378?
2, 3, 137, 2135099
List the prime factors of 1675190094.
2, 3, 279198349
List the prime factors of 114589795.
5, 23, 31, 32143
What are the prime factors of 4173567925?
5, 23, 433, 16763
List the prime factors of 285900116.
2, 199, 359171
List the prime factors of 780331985.
5, 53, 1549, 1901
List the prime factors of 55923520.
2, 5, 174761
What are the prime factors of 317027106?
2, 3, 11, 1601147
List the prime factors of 2645500709.
3221, 821329
What are the prime factors of 61712316?
2, 3, 47, 36473
What are the prime factors of 3798632?
2, 19, 67, 373
List the prime factors of 2389739113.
17, 29, 4847341
List the prime factors of 3411214620.
2, 3, 5, 11, 53, 113, 863
List the prime factors of 2287643270.
2, 5, 11, 179, 223, 521
List the prime factors of 97713741.
3, 32571247
List the prime factors of 1667707026.
2, 3, 19, 14629009
What are the prime factors of 280649277?
3, 17, 1834309
List the prime factors of 59521292.
2, 83, 179281
What are the prime factors of 6461577521?
7, 53, 607, 4099
What are the prime factors of 512256630?
2, 3, 5, 1487, 11483
List the prime factors of 17380838.
2, 103, 139, 607
List the prime factors of 613841610.
2, 3, 5, 17, 1203611
List the prime factors of 307905543.
3, 11, 12799
What are the prime factors of 21447375?
3, 5, 57193
List the prime factors of 66276260.
2, 5, 79, 41947
List the prime factors of 144131109.
3, 1559, 30817
What are the prime factors of 178643698?
2, 1619, 55171
What are the prime factors of 1289178412?
2, 29, 11113607
List the prime factors of 7541214.
2, 3, 19, 83, 797
What are the prime factors of 134023437?
3, 1543, 3217
What are the prime factors of 2939622448?
2, 7, 181, 145009
What are the prime factors of 104211997?
104211997
List the prime factors of 265300470.
2, 3, 5, 17, 317, 547
What are the prime factors of 2030067356?
2, 227, 241, 9277
List the prime factors of 48775895.
5, 7, 47, 149, 199
List the prime factors of 4888669458.
2, 3, 23, 35425141
List the prime factors of 244846117.
277, 883921
List the prime factors of 9206868.
2, 3, 11, 19, 3671
List the prime factors of 46018933.
41, 101, 11113
What are the prime factors of 757419243?
3, 7, 43, 838781
What are the prime factors of 298695924?
2, 3, 921901
List the prime factors of 751236856.
2, 23, 4082809
What are the prime factors of 1350383678?
2, 7, 17, 173, 32797
What are the prime factors of 213934108?
2, 53483527
List the prime factors of 157862966.
2, 78931483
What are the prime factors of 96324210?
2, 3, 5, 17, 157, 401
List the prime factors of 19881125.
5, 11, 19, 761
What are the prime factors of 367105920?
2, 3, 5, 263, 727
What are the prime factors of 386001723?
3, 37, 3477493
List the prime factors of 80359940.
2, 5, 4017997
What are the prime factors of 191018139?
3, 13, 41, 67, 1783
What are the prime factors of 24610259?
24610259
What are the prime factors of 1026367?
43, 23869
What are the prime factors of 104620514?
2, 23, 97, 23447
List the prime factors of 914766651.
3, 17, 37, 161591
List the prime factors of 153885256.
2, 7, 19, 144629
List the prime factors of 2292744747.
3, 107, 7142507
List the prime factors of 2426232593.
881, 911, 3023
What are the prime factors of 738769494?
2, 3, 31, 3971879
What are the prime factors of 444358506?
2, 3, 4259, 17389
What are the prime factors of 117922759?
19, 6206461
What are the prime factors of 1354353104?
2, 13, 1877, 3469
List the prime factors of 472988796.
2, 3, 7, 653, 8623
What are the prime factors of 5121848125?
5, 41, 199877
What are the prime factors of 23565915?
3, 5, 23, 22769
What are the prime factors of 62988891?
3, 7, 1429, 2099
List the prime factors of 84913767.
3, 479, 19697
List the prime factors of 91629890.
2, 5, 11, 293, 2843
What are the prime factors of 228998759?
11, 2791, 7459
What are the prime factors of 4959161173?
4959161173
List the prime factors of 1165625698.
2, 61, 9554309
What are the prime factors of 259004935?
5, 7, 1057163
List the prime factors of 333239555.
5, 11, 6058901
List the prime factors of 1200523895.
5, 79, 97, 31333
List the prime factors of 421695625.
5, 13, 17, 43, 71
What are the prime factors of 452516319?
3, 17, 29, 101987
List the prime factors of 361999284.
2, 3, 43, 701549
List the prime factors of 52692496.
2, 3293281
List the prime factors of 63181585.
5, 691, 18287
What are the prime factors of 2607551081?
31, 53, 1587067
What are the prime factors of 277410954?
2, 3, 67, 809, 853
What are the prime factors of 6261944?
2, 13, 19, 3169
What are the prime factors of 766566764?
2, 191641691
List the prime factors of 277522594.
2, 181, 766637
What are the prime factors of 116485283?
116485283
What are the prime factors of 1736363717?
11, 71, 1277, 1741
What are the prime factors of 2487354982?
2, 7, 4241, 41893
What are the prime factors of 7443491?
11, 257, 2633
What are the prime factors of 33811303?
29, 37, 31511
List the prime factors of 47674077.
3, 11, 163, 8863
List the prime factors of 9704542.
2, 4852271
What are the prime factors of 198565795?
5, 39713159
List the prime factors of 1518184641.
3, 506061547
What are the prime factors of 130931206?
2, 7, 373, 25073
List the prime factors of 4859462.
2, 2429731
List the prime factors of 706131993.
3, 7, 23, 73, 2861
What are the prime factors of 101302755?
3, 5, 6753517
What are the prime factors of 3478614718?
2, 31, 37, 1516397
What are the prime factors of 342297469?
29, 11803361
What are the prime factors of 2646422510?
2, 5, 264642251
What are the prime factors of 77612548?
2, 13, 17, 87797
What are the prime factors of 123609466?
2, 61804733
List the prime factors of 186287862.
2, 3, 31047977
What are the prime factors of 228417605?
5, 13, 163, 21559
List the prime factors of 375801742.
2, 187900871
List the prime factors of 81052997.
81052997
List the prime factors of 186557762.
2, 17, 157, 34949
List the prime factors of 496445607.
3, 7, 577, 1951
What are the prime factors of 47521221?
3, 11, 1440037
What are the prime factors of 172125304?
2, 13, 1655051
What are the prime factors of 1292084448?
2, 3, 13459213
What are the prime factors of 29898816?
2, 3, 155723
List the prime factors of 5293749570.
2, 3, 5, 176458319
List the prime factors of 1063406191.
29, 36669179
List the prime factors of 1867077678.
2, 3, 4007, 77659
List the prime factors of 127770986.
2, 7, 9126499
List the prime factors of 1143558716.
2, 41, 263, 26513
What are the prime factors of 455195674?
2, 599, 379963
List the prime factors of 458368504.
2, 11, 241, 21613
List the prime factors of 238018507.
1901, 125207
What are the prime factors of 43442020?
2, 5, 1303, 1667
List the prime factors of 794087753.
3851, 206203
What are the prime factors of 42971092?
2, 83, 347, 373
List the prime factors of 4059820022.
2, 19, 23, 201961
What are the prime factors of 4392517212?
2, 3, 547, 223061
What are the prime factors of 49573557?
3, 11, 29, 31, 557
List the prime factors of 948834495.
3, 5, 7, 769, 3917
What are the prime factors of 81640774?
2, 181, 225527
List the prime factors of 712206248.
2, 13, 43, 67, 2377
List the prime factors of 2029165.
5, 61, 6653
List the prime factors of 93897232.
2, 11, 13, 41039
What are the prime factors of 89184114?
2, 3, 307, 16139
What are the prime factors of 662733114?
2, 3, 29, 43, 101, 877
What are the prime factors of 36546641?
29, 1093, 1153
List the prime factors of 2092524181.
11, 1039, 183089
What are the prime factors of 1772943933?
3, 590981311
What are the prime factors of 704656274?
2, 7